prime number?
False
Is 25071361795 a prime number?
False
Is 42416843 a composite number?
True
Is 42155843 prime?
True
Is 3396690494 composite?
True
Is 333626627 a prime number?
True
Is 5526445571 a composite number?
True
Is 1571500031 prime?
True
Is 1411381703 composite?
True
Is 12236122403 composite?
False
Is 22320891401 composite?
True
Is 2574297751 composite?
False
Is 5193465013 prime?
False
Is 2834715287 composite?
True
Is 8677654523 a composite number?
True
Is 5459231587 a prime number?
True
Is 13360520321 a composite number?
False
Is 929813177 prime?
True
Is 7274474887 prime?
True
Is 2861054233 prime?
True
Is 8192791681 prime?
True
Is 8476806337 composite?
False
Is 10810922741 a composite number?
False
Is 25547480183 composite?
False
Is 2238808961 a prime number?
False
Is 106596563 prime?
False
Is 1249735763 a composite number?
False
Is 878792881 composite?
False
Is 2942383291 a prime number?
True
Is 5949674509 composite?
True
Is 174300653 a composite number?
False
Is 34446385327 prime?
True
Is 6997102171 a prime number?
True
Is 83424221 a composite number?
False
Is 3600045133 a composite number?
True
Is 4444596119 prime?
True
Is 2934455287 a composite number?
True
Is 1199090423 composite?
True
Is 322547167 a prime number?
False
Is 17551720507 a prime number?
True
Is 69957577 a composite number?
False
Is 10266519423 prime?
False
Is 720277127 prime?
False
Is 50349079997 a composite number?
False
Is 2710427077 a composite number?
True
Is 6251055313 a composite number?
False
Is 2750036027 prime?
True
Is 156266440981 a composite number?
True
Is 289958089 a composite number?
False
Is 12666540923 prime?
True
Is 48105133381 composite?
True
Is 826918717 prime?
False
Is 5845160879 a composite number?
True
Is 43448714633 prime?
True
Is 625907489 composite?
False
Is 1581691751 prime?
True
Is 2520079349 composite?
False
Is 4783034489 composite?
True
Is 196064677 prime?
False
Is 1894394527 a composite number?
True
Is 409026211 a composite number?
True
Is 135933077999 prime?
False
Is 37970305507 a prime number?
True
Is 114854497 a prime number?
True
Is 56758452463 a composite number?
False
Is 674976199 composite?
False
Is 546519517969 prime?
False
Is 4442051787 prime?
False
Is 19579907803 a prime number?
True
Is 3057338147 prime?
False
Is 216879563 prime?
False
Is 24544711241 composite?
True
Is 54037309615 a composite number?
True
Is 1958297581 a composite number?
True
Is 6378936513 prime?
False
Is 25510804751 a prime number?
True
Is 3999320911 composite?
True
Is 56389232567 a prime number?
False
Is 1651222129 a composite number?
True
Is 1039616189 a composite number?
True
Is 2527421731 a composite number?
False
Is 2328336187 prime?
True
Is 8140338281 a composite number?
False
Is 1506120223 prime?
False
Is 21632332609 a prime number?
True
Is 1628826767 composite?
True
Is 161228953 a composite number?
False
Is 2776012001 prime?
False
Is 2560530367 composite?
True
Is 74112502927 a composite number?
True
Is 621336827 a prime number?
True
Is 85490887 a prime number?
False
Is 5734304887 a prime number?
False
Is 4306281599 composite?
False
Is 14088539287 composite?
False
Is 19215299137 composite?
True
Is 60335322959 a composite number?
False
Is 2173093693 a composite number?
False
Is 16552396097 composite?
True
Is 46738377761 prime?
False
Is 126973804409 composite?
True
Is 1110291041 composite?
False
Is 58890593 composite?
True
Is 136460206 composite?
True
Is 9073110373 composite?
True
Is 291500549 composite?
False
Is 2272628849 prime?
True
Is 58160033787 composite?
True
Is 2906238169 a prime number?
True
Is 17090986441 prime?
False
Is 16710996571 prime?
True
Is 467482811 a composite number?
False
Is 228047621 prime?
True
Is 3204951517 a prime number?
True
Is 105632731 prime?
True
Is 10492409 composite?
False
Is 245922265961 a prime number?
False
Is 408847381 composite?
False
Is 109737661 a composite number?
True
Is 2864777857 composite?
True
Is 735994427 prime?
False
Is 720178057 prime?
True
Is 98810038597 a composite number?
False
Is 31690454683 composite?
True
Is 1252578883 a prime number?
True
Is 149683267 a prime number?
False
Is 116146939 a composite number?
False
Is 64301820377 a prime number?
True
Is 29457062731 a composite number?
False
Is 336563915 a prime number?
False
Is 184803079 prime?
True
Is 20885568937 composite?
False
Is 103052913 prime?
False
Is 2161158589 a prime number?
False
Is 36954100237 a prime number?
False
Is 222608830187 a prime number?
False
Is 326985577 composite?
False
Is 2006686469 composite?
True
Is 3147452719 a composite number?
False
Is 2896931437 a composite number?
True
Is 3935335603 prime?
False
Is 64781426693 a prime number?
False
Is 4145938123 prime?
True
Is 376119098711 composite?
False
Is 231282119 composite?
False
Is 21619831361 a composite number?
False
Is 5454220417 composite?
True
Is 15466858207 a prime number?
True
Is 1566225823 composite?
True
Is 3440723057 a composite number?
False
Is 2653926469 a composite number?
False
Is 3522675727 composite?
True
Is 1048896721 composite?
True
Is 5408071 a prime number?
False
Is 24685664797 a composite number?
True
Is 157790687 composite?
True
Is 53354773 composite?
False
Is 20228695183 a composite number?
True
Is 96677891 prime?
True
Is 3054877699 composite?
False
Is 39865203583 a composite number?
True
Is 1596866143 a prime number?
True
Is 2544517613 a prime number?
False
Is 110349007 prime?
True
Is 47115409939 composite?
True
Is 10746416911 prime?
False
Is 7993416287 a composite number?
True
Is 30054507163 a prime number?
False
Is 68770775935 a composite number?
True
Is 21525185641 prime?
False
Is 146286347 composite?
True
Is 9559796251 a prime number?
False
Is 27594842817 prime?
False
Is 13423901195 a prime number?
False
Is 19600435927 composite?
False
Is 248430379 a composite number?
True
Is 828151561 a prime number?
False
Is 1258870357 composite?
False
Is 1920474511 prime?
False
Is 642065813 a prime number?
True
Is 9024732881 a prime number?
False
Is 11456824565 a prime number?
False
Is 397171937 prime?
True
Is 500528843 prime?
True
Is 1004882237 a prime number?
True
Is 29205851567 a prime number?
True
Is 154357132277 prime?
True
Is 4050135407 a prime number?
True
Is 507650173 a prime number?
True
Is 3678391231 prime?
True
Is 2365244017 a composite number?
True
Is 249311554 composite?
True
Is 31864489 a composite number?
False
Is 4276114727 a composite number?
False
Is 40839811 prime?
False
Is 24691950767 a composite number?
True
Is 494172797 a prime number?
True
Is 479691598 composite?
True
Is 221212723 composite?
True
Is 6690060862 prime?
False
Is 4975234643 prime?
False
Is 580073423 a prime number?
True
Is 2801221583 a composite number?
False
Is 4226778151 composite?
False
Is 52435722385 prime?
False
Is 65500221958 a prime number?
False
Is 525824521 prime?
False
Is 83707219 a prime number?
False
Is 60066098611 a composite number?
True
Is 2689188793 prime?
False
Is 2921445311 a prime number?
False
Is 14775489353 a prime number?
False
Is 18925856609 composite?
True
Is 11083744037 a prime number?
True
Is 36861637 prime?
False
Is 1060308857 prime?
True
Is 13919312527 a composite number?
False
Is 68482856957 composite?
True
Is 1497337469 prime?
False
Is 1840602877 a prime number?
True
Is 816247469 composite?
True
Is 173739851 composite?
False
Is 63814687723 composite?
True
Is 23995357027 a composite number?
False
Is 848441297 a composite number?
True
Is 808900877 prime?
True
Is 9224241907 composite?
True
Is 606894011 prime?
False
Is 889800113 a prime number?
True
Is 480046637885 composite?
True
Is 1820788829 a composite number?
True
Is 15577908679 a prime number?
False
Is 4485588743 prime?
True
Is 7320158533 a composite number?
False
Is 38039864789 a composite number?
True
Is 827564831 composite?
True
Is 1371011755 composite?
True
Is 10144606517 prime?
True
Is 4675021627 a composite number?
False
Is 14482147 a composite number?
True
Is 2965953259 composite?
False
Is 7962840923 a prime number?
True
Is 2985716777 prime?
True
Is 3727736839 prime?
False
Is 8546046263 composite?
False
Is 192025291 a composite number?
True
Is 181050809101 a prime number?
True
Is 64935131503 a prime number?
False
Is 2321505787 a prime number?
False
Is 5561338543 a composite number?
False